{"id":2,"date":"2017-05-05T16:38:43","date_gmt":"2017-05-05T14:38:43","guid":{"rendered":"http:\/\/www.artybeton.fr\/?page_id=2"},"modified":"2017-05-31T16:32:57","modified_gmt":"2017-05-31T14:32:57","slug":"page-d-exemple","status":"publish","type":"page","link":"https:\/\/www.artybeton.fr\/","title":{"rendered":"Accueil"},"content":{"rendered":"<p><div  class=\"fusion-fullwidth fullwidth-box fusion-blend-mode nonhundred-percent-fullwidth\"  style='background-color: rgba(255,255,255,0);background-position: center center;background-repeat: no-repeat;padding-top:0px;padding-right:0px;padding-bottom:0px;padding-left:0px;'><div class=\"fusion-builder-row fusion-row \"><div  class=\"fusion-layout-column fusion_builder_column fusion_builder_column_1_1  fusion-one-full fusion-column-first fusion-column-last 1_1\"  style='margin-top:0px;margin-bottom:0px;'>\n\t\t\t\t\t<div class=\"fusion-column-wrapper\" style=\"background-position:left top;background-repeat:no-repeat;-webkit-background-size:cover;-moz-background-size:cover;-o-background-size:cover;background-size:cover;\"  data-bg-url=\"\">\n\t\t\t\t\t\t<p><img loading=\"lazy\" decoding=\"async\" class=\"aligncenter wp-image-537 size-full\" src=\"http:\/\/www.artybeton.fr\/wp-content\/uploads\/2017\/05\/concrete-flore-1.jpg\" alt=\"\" width=\"2539\" height=\"825\" srcset=\"https:\/\/www.artybeton.fr\/wp-content\/uploads\/2017\/05\/concrete-flore-1-200x65.jpg 200w, https:\/\/www.artybeton.fr\/wp-content\/uploads\/2017\/05\/concrete-flore-1-300x97.jpg 300w, https:\/\/www.artybeton.fr\/wp-content\/uploads\/2017\/05\/concrete-flore-1-400x130.jpg 400w, https:\/\/www.artybeton.fr\/wp-content\/uploads\/2017\/05\/concrete-flore-1-600x195.jpg 600w, https:\/\/www.artybeton.fr\/wp-content\/uploads\/2017\/05\/concrete-flore-1-768x250.jpg 768w, https:\/\/www.artybeton.fr\/wp-content\/uploads\/2017\/05\/concrete-flore-1-800x260.jpg 800w, https:\/\/www.artybeton.fr\/wp-content\/uploads\/2017\/05\/concrete-flore-1-1024x333.jpg 1024w, https:\/\/www.artybeton.fr\/wp-content\/uploads\/2017\/05\/concrete-flore-1-1200x390.jpg 1200w, https:\/\/www.artybeton.fr\/wp-content\/uploads\/2017\/05\/concrete-flore-1.jpg 2539w\" sizes=\"auto, (max-width: 2539px) 100vw, 2539px\" \/><\/p>\n<div class=\"fusion-clearfix\"><\/div>\n\n\t\t\t\t\t<\/div>\n\t\t\t\t<\/div><\/div><\/div><div  class=\"fusion-fullwidth fullwidth-box fusion-blend-mode nonhundred-percent-fullwidth\"  style='background-color: rgba(255,255,255,0);background-position: center center;background-repeat: no-repeat;padding-top:0px;padding-right:0px;padding-bottom:0px;padding-left:0px;'><div class=\"fusion-builder-row fusion-row \"><div  class=\"fusion-layout-column fusion_builder_column fusion_builder_column_1_3  fusion-one-third fusion-column-first 1_3\"  style='margin-top:0px;margin-bottom:20px;width:33.33%;width:calc(33.33% - ( ( 4% + 4% ) * 0.3333 ) );margin-right: 4%;'>\n\t\t\t\t\t<div class=\"fusion-column-wrapper\" style=\"background-position:left top;background-repeat:no-repeat;-webkit-background-size:cover;-moz-background-size:cover;-o-background-size:cover;background-size:cover;\"  data-bg-url=\"\">\n\t\t\t\t\t\t<blockquote>\n<p class=\"p1\">ARTY B\u00c9TON<br \/>\npropose des plaques\u00a0sur mesure<br \/>\nde b\u00e9ton d\u00e9coratif<br \/>\ndans une large gamme<br \/>\nde couleurs et de dimensions.<\/p>\n<\/blockquote>\n<div class=\"fusion-clearfix\"><\/div>\n\n\t\t\t\t\t<\/div>\n\t\t\t\t<\/div><div  class=\"fusion-layout-column fusion_builder_column fusion_builder_column_1_3  fusion-one-third 1_3\"  style='margin-top:0px;margin-bottom:20px;width:33.33%;width:calc(33.33% - ( ( 4% + 4% ) * 0.3333 ) );margin-right: 4%;'>\n\t\t\t\t\t<div class=\"fusion-column-wrapper\" style=\"background-position:left top;background-repeat:no-repeat;-webkit-background-size:cover;-moz-background-size:cover;-o-background-size:cover;background-size:cover;\"  data-bg-url=\"\">\n\t\t\t\t\t\t<blockquote>\n<p>Un proc\u00e9d\u00e9 exclusif !<\/p>\n<p>ARTY BETON inaugure<br \/>\nun nouveau rapport au b\u00e9ton.<\/p>\n<p>Il invite le min\u00e9ral dans nos maisons<br \/>\net permet de signer une cr\u00e9ation architecturale.<\/p>\n<p>Ce proc\u00e9d\u00e9 exclusif est applicable<br \/>\n\u00e0 l&rsquo;int\u00e9rieur\u00a0comme \u00e0 l&rsquo;ext\u00e9rieur<br \/>\ndes b\u00e2timents.<\/p>\n<\/blockquote>\n<div class=\"fusion-clearfix\"><\/div>\n\n\t\t\t\t\t<\/div>\n\t\t\t\t<\/div><div  class=\"fusion-layout-column fusion_builder_column fusion_builder_column_1_3  fusion-one-third fusion-column-last 1_3\"  style='margin-top:0px;margin-bottom:20px;width:33.33%;width:calc(33.33% - ( ( 4% + 4% ) * 0.3333 ) );'>\n\t\t\t\t\t<div class=\"fusion-column-wrapper\" style=\"background-position:left top;background-repeat:no-repeat;-webkit-background-size:cover;-moz-background-size:cover;-o-background-size:cover;background-size:cover;\"  data-bg-url=\"\">\n\t\t\t\t\t\t<blockquote>\n<p class=\"p1\">ARTY B\u00c9TON<br \/>\nest un produit s\u00e9l\u00e9ctionn\u00e9<br \/>\npar les mat\u00e9rioth\u00e8ques<br \/>\n<a href=\"http:\/\/ARTY B\u00c9TON est un produit s\u00e9l\u00e9ctionn\u00e9 par les mat\u00e9rioth\u00e8ques materiO\">materiO <\/a>et\u00a0<a href=\"http:\/\/es.materfad.com\/\">Materfad<\/a><\/p>\n<\/blockquote>\n<div class=\"imageframe-align-center\"><span class=\"fusion-imageframe imageframe-none imageframe-1 hover-type-zoomout\"><img loading=\"lazy\" decoding=\"async\" src=\"http:\/\/www.artybeton.fr\/wp-content\/uploads\/2017\/05\/materiO-petit.jpg\" width=\"150\" height=\"36\" alt=\"\" title=\"materiO-petit\" class=\"img-responsive wp-image-492\"\/><\/span><\/div><span class=\"fusion-imageframe imageframe-none imageframe-2 hover-type-none\"><img loading=\"lazy\" decoding=\"async\" src=\"http:\/\/www.artybeton.fr\/wp-content\/uploads\/2017\/05\/se\u0301parateur-blanc.jpg\" width=\"150\" height=\"36\" alt=\"\" title=\"se\u0301parateur-blanc\" class=\"img-responsive wp-image-497\"\/><\/span><div class=\"imageframe-align-center\"><span class=\"fusion-imageframe imageframe-none imageframe-3 hover-type-zoomin\"><img loading=\"lazy\" decoding=\"async\" src=\"http:\/\/www.artybeton.fr\/wp-content\/uploads\/2017\/05\/materfad-petit.jpg\" width=\"150\" height=\"43\" alt=\"\" title=\"materfad-petit\" class=\"img-responsive wp-image-491\"\/><\/span><\/div><div class=\"fusion-clearfix\"><\/div>\n\n\t\t\t\t\t<\/div>\n\t\t\t\t<\/div><\/div><div class=\"fusion-builder-row fusion-row \"><\/div><\/div><div  class=\"fusion-fullwidth fullwidth-box fusion-blend-mode nonhundred-percent-fullwidth\"  style='background-color: rgba(255,255,255,0);background-position: center center;background-repeat: no-repeat;padding-top:0px;padding-right:0px;padding-bottom:0px;padding-left:0px;'><\/div><\/p>\n","protected":false},"excerpt":{"rendered":"","protected":false},"author":1,"featured_media":0,"parent":0,"menu_order":0,"comment_status":"closed","ping_status":"closed","template":"","meta":{"footnotes":""},"class_list":["post-2","page","type-page","status-publish","hentry"],"translation":{"provider":"WPGlobus","version":"3.0.0","language":"fr","enabled_languages":["fr","gb"],"languages":{"fr":{"title":true,"content":true,"excerpt":false},"gb":{"title":false,"content":false,"excerpt":false}}},"_links":{"self":[{"href":"https:\/\/www.artybeton.fr\/index.php\/wp-json\/wp\/v2\/pages\/2","targetHints":{"allow":["GET"]}}],"collection":[{"href":"https:\/\/www.artybeton.fr\/index.php\/wp-json\/wp\/v2\/pages"}],"about":[{"href":"https:\/\/www.artybeton.fr\/index.php\/wp-json\/wp\/v2\/types\/page"}],"author":[{"embeddable":true,"href":"https:\/\/www.artybeton.fr\/index.php\/wp-json\/wp\/v2\/users\/1"}],"replies":[{"embeddable":true,"href":"https:\/\/www.artybeton.fr\/index.php\/wp-json\/wp\/v2\/comments?post=2"}],"version-history":[{"count":66,"href":"https:\/\/www.artybeton.fr\/index.php\/wp-json\/wp\/v2\/pages\/2\/revisions"}],"predecessor-version":[{"id":744,"href":"https:\/\/www.artybeton.fr\/index.php\/wp-json\/wp\/v2\/pages\/2\/revisions\/744"}],"wp:attachment":[{"href":"https:\/\/www.artybeton.fr\/index.php\/wp-json\/wp\/v2\/media?parent=2"}],"curies":[{"name":"wp","href":"https:\/\/api.w.org\/{rel}","templated":true}]}}